{"id":1796,"date":"2022-04-13T14:00:05","date_gmt":"2022-04-13T12:00:05","guid":{"rendered":"https:\/\/modelarzeolsztyn.pl\/wp-content\/uploads\/2022\/04\/EVERGREEN-stowarzyszenie-modelarzy-warmia.mp3"},"modified":"2022-04-13T14:00:46","modified_gmt":"2022-04-13T12:00:46","slug":"evergreen-stowarzyszenie-modelarzy-warmia-2","status":"inherit","type":"attachment","link":"https:\/\/modelarzeolsztyn.pl\/index.php\/2022\/04\/19\/wywiad-w-meloradio\/evergreen-stowarzyszenie-modelarzy-warmia-2\/","title":{"rendered":"Wywiad z Melo Radio"},"author":1,"featured_media":0,"comment_status":"open","ping_status":"closed","template":"","meta":[],"yoast_head":"<!-- This site is optimized with the Yoast SEO plugin v24.5 - https:\/\/yoast.com\/wordpress\/plugins\/seo\/ -->\n<title>Wywiad z Melo Radio - Olszty\u0144skie Stowarzyszenie Modelarzy &quot;Warmia&quot;<\/title>\n<meta name=\"robots\" content=\"index, follow, max-snippet:-1, max-image-preview:large, max-video-preview:-1\" \/>\n<link rel=\"canonical\" href=\"https:\/\/modelarzeolsztyn.pl\/wp-content\/uploads\/2022\/04\/EVERGREEN-stowarzyszenie-modelarzy-warmia.mp3\" \/>\n<meta property=\"og:locale\" content=\"pl_PL\" \/>\n<meta property=\"og:type\" content=\"article\" \/>\n<meta property=\"og:title\" content=\"Wywiad z Melo Radio - Olszty\u0144skie Stowarzyszenie Modelarzy &quot;Warmia&quot;\" \/>\n<meta property=\"og:description\" content=\"https:\/\/modelarzeolsztyn.pl\/wp-content\/uploads\/2022\/04\/EVERGREEN-stowarzyszenie-modelarzy-warmia.mp3 &#8222;EVERGREEN-stowarzyszenie-modelarzy-warmia&#8221;.\" \/>\n<meta property=\"og:url\" content=\"https:\/\/modelarzeolsztyn.pl\/wp-content\/uploads\/2022\/04\/EVERGREEN-stowarzyszenie-modelarzy-warmia.mp3\" \/>\n<meta property=\"og:site_name\" content=\"Olszty\u0144skie Stowarzyszenie Modelarzy &quot;Warmia&quot;\" \/>\n<meta property=\"article:publisher\" content=\"https:\/\/www.facebook.com\/Olszty%c5%84skie-Stowarzyszenie-Modelarzy-Warmia-1049089618478093\/\" \/>\n<meta property=\"article:modified_time\" content=\"2022-04-13T12:00:46+00:00\" \/>\n<meta name=\"twitter:card\" content=\"summary_large_image\" \/>\n<script type=\"application\/ld+json\" class=\"yoast-schema-graph\">{\"@context\":\"https:\/\/schema.org\",\"@graph\":[{\"@type\":\"WebPage\",\"@id\":\"https:\/\/modelarzeolsztyn.pl\/wp-content\/uploads\/2022\/04\/EVERGREEN-stowarzyszenie-modelarzy-warmia.mp3\",\"url\":\"https:\/\/modelarzeolsztyn.pl\/wp-content\/uploads\/2022\/04\/EVERGREEN-stowarzyszenie-modelarzy-warmia.mp3\",\"name\":\"Wywiad z Melo Radio - Olszty\u0144skie Stowarzyszenie Modelarzy &quot;Warmia&quot;\",\"isPartOf\":{\"@id\":\"https:\/\/modelarzeolsztyn.pl\/#website\"},\"datePublished\":\"2022-04-13T12:00:05+00:00\",\"dateModified\":\"2022-04-13T12:00:46+00:00\",\"breadcrumb\":{\"@id\":\"https:\/\/modelarzeolsztyn.pl\/wp-content\/uploads\/2022\/04\/EVERGREEN-stowarzyszenie-modelarzy-warmia.mp3#breadcrumb\"},\"inLanguage\":\"pl-PL\",\"potentialAction\":[{\"@type\":\"ReadAction\",\"target\":[\"https:\/\/modelarzeolsztyn.pl\/wp-content\/uploads\/2022\/04\/EVERGREEN-stowarzyszenie-modelarzy-warmia.mp3\"]}]},{\"@type\":\"BreadcrumbList\",\"@id\":\"https:\/\/modelarzeolsztyn.pl\/wp-content\/uploads\/2022\/04\/EVERGREEN-stowarzyszenie-modelarzy-warmia.mp3#breadcrumb\",\"itemListElement\":[{\"@type\":\"ListItem\",\"position\":1,\"name\":\"Strona g\u0142\u00f3wna\",\"item\":\"https:\/\/modelarzeolsztyn.pl\/\"},{\"@type\":\"ListItem\",\"position\":2,\"name\":\"Wywiad w MeloRadio\",\"item\":\"https:\/\/modelarzeolsztyn.pl\/index.php\/2022\/04\/19\/wywiad-w-meloradio\/\"},{\"@type\":\"ListItem\",\"position\":3,\"name\":\"Wywiad z Melo Radio\"}]},{\"@type\":\"WebSite\",\"@id\":\"https:\/\/modelarzeolsztyn.pl\/#website\",\"url\":\"https:\/\/modelarzeolsztyn.pl\/\",\"name\":\"Olszty\u0144skie Stowarzyszenie Modelarzy &quot;Warmia&quot;\",\"description\":\"Witryna stowarzyszenia zapale\u0144c\u00f3w modelarskich z Olsztyna i okolic\",\"publisher\":{\"@id\":\"https:\/\/modelarzeolsztyn.pl\/#organization\"},\"potentialAction\":[{\"@type\":\"SearchAction\",\"target\":{\"@type\":\"EntryPoint\",\"urlTemplate\":\"https:\/\/modelarzeolsztyn.pl\/?s={search_term_string}\"},\"query-input\":{\"@type\":\"PropertyValueSpecification\",\"valueRequired\":true,\"valueName\":\"search_term_string\"}}],\"inLanguage\":\"pl-PL\"},{\"@type\":\"Organization\",\"@id\":\"https:\/\/modelarzeolsztyn.pl\/#organization\",\"name\":\"Olszty\u0144skie Stowarzyszenie Modelarzy \\\"Warmia\\\"\",\"url\":\"https:\/\/modelarzeolsztyn.pl\/\",\"logo\":{\"@type\":\"ImageObject\",\"inLanguage\":\"pl-PL\",\"@id\":\"https:\/\/modelarzeolsztyn.pl\/#\/schema\/logo\/image\/\",\"url\":\"https:\/\/modelarzeolsztyn.pl\/wp-content\/uploads\/2017\/08\/cropped-logoprzez.png\",\"contentUrl\":\"https:\/\/modelarzeolsztyn.pl\/wp-content\/uploads\/2017\/08\/cropped-logoprzez.png\",\"width\":512,\"height\":512,\"caption\":\"Olszty\u0144skie Stowarzyszenie Modelarzy \\\"Warmia\\\"\"},\"image\":{\"@id\":\"https:\/\/modelarzeolsztyn.pl\/#\/schema\/logo\/image\/\"},\"sameAs\":[\"https:\/\/www.facebook.com\/Olszty\u0144skie-Stowarzyszenie-Modelarzy-Warmia-1049089618478093\/\"]}]}<\/script>\n<!-- \/ Yoast SEO plugin. -->","yoast_head_json":{"title":"Wywiad z Melo Radio - Olszty\u0144skie Stowarzyszenie Modelarzy &quot;Warmia&quot;","robots":{"index":"index","follow":"follow","max-snippet":"max-snippet:-1","max-image-preview":"max-image-preview:large","max-video-preview":"max-video-preview:-1"},"canonical":"https:\/\/modelarzeolsztyn.pl\/wp-content\/uploads\/2022\/04\/EVERGREEN-stowarzyszenie-modelarzy-warmia.mp3","og_locale":"pl_PL","og_type":"article","og_title":"Wywiad z Melo Radio - Olszty\u0144skie Stowarzyszenie Modelarzy &quot;Warmia&quot;","og_description":"https:\/\/modelarzeolsztyn.pl\/wp-content\/uploads\/2022\/04\/EVERGREEN-stowarzyszenie-modelarzy-warmia.mp3 &#8222;EVERGREEN-stowarzyszenie-modelarzy-warmia&#8221;.","og_url":"https:\/\/modelarzeolsztyn.pl\/wp-content\/uploads\/2022\/04\/EVERGREEN-stowarzyszenie-modelarzy-warmia.mp3","og_site_name":"Olszty\u0144skie Stowarzyszenie Modelarzy &quot;Warmia&quot;","article_publisher":"https:\/\/www.facebook.com\/Olszty%c5%84skie-Stowarzyszenie-Modelarzy-Warmia-1049089618478093\/","article_modified_time":"2022-04-13T12:00:46+00:00","twitter_card":"summary_large_image","schema":{"@context":"https:\/\/schema.org","@graph":[{"@type":"WebPage","@id":"https:\/\/modelarzeolsztyn.pl\/wp-content\/uploads\/2022\/04\/EVERGREEN-stowarzyszenie-modelarzy-warmia.mp3","url":"https:\/\/modelarzeolsztyn.pl\/wp-content\/uploads\/2022\/04\/EVERGREEN-stowarzyszenie-modelarzy-warmia.mp3","name":"Wywiad z Melo Radio - Olszty\u0144skie Stowarzyszenie Modelarzy &quot;Warmia&quot;","isPartOf":{"@id":"https:\/\/modelarzeolsztyn.pl\/#website"},"datePublished":"2022-04-13T12:00:05+00:00","dateModified":"2022-04-13T12:00:46+00:00","breadcrumb":{"@id":"https:\/\/modelarzeolsztyn.pl\/wp-content\/uploads\/2022\/04\/EVERGREEN-stowarzyszenie-modelarzy-warmia.mp3#breadcrumb"},"inLanguage":"pl-PL","potentialAction":[{"@type":"ReadAction","target":["https:\/\/modelarzeolsztyn.pl\/wp-content\/uploads\/2022\/04\/EVERGREEN-stowarzyszenie-modelarzy-warmia.mp3"]}]},{"@type":"BreadcrumbList","@id":"https:\/\/modelarzeolsztyn.pl\/wp-content\/uploads\/2022\/04\/EVERGREEN-stowarzyszenie-modelarzy-warmia.mp3#breadcrumb","itemListElement":[{"@type":"ListItem","position":1,"name":"Strona g\u0142\u00f3wna","item":"https:\/\/modelarzeolsztyn.pl\/"},{"@type":"ListItem","position":2,"name":"Wywiad w MeloRadio","item":"https:\/\/modelarzeolsztyn.pl\/index.php\/2022\/04\/19\/wywiad-w-meloradio\/"},{"@type":"ListItem","position":3,"name":"Wywiad z Melo Radio"}]},{"@type":"WebSite","@id":"https:\/\/modelarzeolsztyn.pl\/#website","url":"https:\/\/modelarzeolsztyn.pl\/","name":"Olszty\u0144skie Stowarzyszenie Modelarzy &quot;Warmia&quot;","description":"Witryna stowarzyszenia zapale\u0144c\u00f3w modelarskich z Olsztyna i okolic","publisher":{"@id":"https:\/\/modelarzeolsztyn.pl\/#organization"},"potentialAction":[{"@type":"SearchAction","target":{"@type":"EntryPoint","urlTemplate":"https:\/\/modelarzeolsztyn.pl\/?s={search_term_string}"},"query-input":{"@type":"PropertyValueSpecification","valueRequired":true,"valueName":"search_term_string"}}],"inLanguage":"pl-PL"},{"@type":"Organization","@id":"https:\/\/modelarzeolsztyn.pl\/#organization","name":"Olszty\u0144skie Stowarzyszenie Modelarzy \"Warmia\"","url":"https:\/\/modelarzeolsztyn.pl\/","logo":{"@type":"ImageObject","inLanguage":"pl-PL","@id":"https:\/\/modelarzeolsztyn.pl\/#\/schema\/logo\/image\/","url":"https:\/\/modelarzeolsztyn.pl\/wp-content\/uploads\/2017\/08\/cropped-logoprzez.png","contentUrl":"https:\/\/modelarzeolsztyn.pl\/wp-content\/uploads\/2017\/08\/cropped-logoprzez.png","width":512,"height":512,"caption":"Olszty\u0144skie Stowarzyszenie Modelarzy \"Warmia\""},"image":{"@id":"https:\/\/modelarzeolsztyn.pl\/#\/schema\/logo\/image\/"},"sameAs":["https:\/\/www.facebook.com\/Olszty\u0144skie-Stowarzyszenie-Modelarzy-Warmia-1049089618478093\/"]}]}},"description":{"rendered":"<audio class=\"wp-audio-shortcode\" id=\"audio-1796-2\" preload=\"none\" style=\"width: 100%;\" controls=\"controls\"><source type=\"audio\/mpeg\" src=\"https:\/\/modelarzeolsztyn.pl\/wp-content\/uploads\/2022\/04\/EVERGREEN-stowarzyszenie-modelarzy-warmia.mp3?_=2\" \/><a href=\"https:\/\/modelarzeolsztyn.pl\/wp-content\/uploads\/2022\/04\/EVERGREEN-stowarzyszenie-modelarzy-warmia.mp3\">https:\/\/modelarzeolsztyn.pl\/wp-content\/uploads\/2022\/04\/EVERGREEN-stowarzyszenie-modelarzy-warmia.mp3<\/a><\/audio>\n<p>&#8222;EVERGREEN-stowarzyszenie-modelarzy-warmia&#8221;.<\/p>\n"},"caption":{"rendered":"<p>https:\/\/modelarzeolsztyn.pl\/wp-content\/uploads\/2022\/04\/EVERGREEN-stowarzyszenie-modelarzy-warmia.mp3 &#8222;EVERGREEN-stowarzyszenie-modelarzy-warmia&#8221;.<\/p>\n"},"alt_text":"","media_type":"file","mime_type":"audio\/mpeg","media_details":{"dataformat":"mp3","channels":2,"sample_rate":44100,"bitrate":180054.26341984057,"channelmode":"joint stereo","bitrate_mode":"vbr","codec":"LAME","encoder":"LAME3.100","lossless":false,"encoder_options":"--preset fast standard -b32 --lowpass 18500","compression_ratio":0.12758947237800494,"fileformat":"mp3","filesize":38421963,"mime_type":"audio\/mpeg","length":1707,"length_formatted":"28:27","artist":"","album":"","sizes":{}},"post":1795,"source_url":"https:\/\/modelarzeolsztyn.pl\/wp-content\/uploads\/2022\/04\/EVERGREEN-stowarzyszenie-modelarzy-warmia.mp3","_links":{"self":[{"href":"https:\/\/modelarzeolsztyn.pl\/index.php\/wp-json\/wp\/v2\/media\/1796"}],"collection":[{"href":"https:\/\/modelarzeolsztyn.pl\/index.php\/wp-json\/wp\/v2\/media"}],"about":[{"href":"https:\/\/modelarzeolsztyn.pl\/index.php\/wp-json\/wp\/v2\/types\/attachment"}],"author":[{"embeddable":true,"href":"https:\/\/modelarzeolsztyn.pl\/index.php\/wp-json\/wp\/v2\/users\/1"}],"replies":[{"embeddable":true,"href":"https:\/\/modelarzeolsztyn.pl\/index.php\/wp-json\/wp\/v2\/comments?post=1796"}]}}

<!-- This site is optimized with the Yoast SEO plugin v24.5 - https://yoast.com/wordpress/plugins/seo/ -->
<title>Wywiad z Melo Radio - Olsztyńskie Stowarzyszenie Modelarzy &quot;Warmia&quot;</title>
<meta name="robots" content="index, follow, max-snippet:-1, max-image-preview:large, max-video-preview:-1" />
<link rel="canonical" href="https://modelarzeolsztyn.pl/wp-content/uploads/2022/04/EVERGREEN-stowarzyszenie-modelarzy-warmia.mp3" />
<meta property="og:locale" content="pl_PL" />
<meta property="og:type" content="article" />
<meta property="og:title" content="Wywiad z Melo Radio - Olsztyńskie Stowarzyszenie Modelarzy &quot;Warmia&quot;" />
<meta property="og:description" content="https://modelarzeolsztyn.pl/wp-content/uploads/2022/04/EVERGREEN-stowarzyszenie-modelarzy-warmia.mp3 &#8222;EVERGREEN-stowarzyszenie-modelarzy-warmia&#8221;." />
<meta property="og:url" content="https://modelarzeolsztyn.pl/wp-content/uploads/2022/04/EVERGREEN-stowarzyszenie-modelarzy-warmia.mp3" />
<meta property="og:site_name" content="Olsztyńskie Stowarzyszenie Modelarzy &quot;Warmia&quot;" />
<meta property="article:publisher" content="https://www.facebook.com/Olszty%c5%84skie-Stowarzyszenie-Modelarzy-Warmia-1049089618478093/" />
<meta property="article:modified_time" content="2022-04-13T12:00:46+00:00" />
<meta name="twitter:card" content="summary_large_image" />
<script type="application/ld+json" class="yoast-schema-graph">{"@context":"https://schema.org","@graph":[{"@type":"WebPage","@id":"https://modelarzeolsztyn.pl/wp-content/uploads/2022/04/EVERGREEN-stowarzyszenie-modelarzy-warmia.mp3","url":"https://modelarzeolsztyn.pl/wp-content/uploads/2022/04/EVERGREEN-stowarzyszenie-modelarzy-warmia.mp3","name":"Wywiad z Melo Radio - Olsztyńskie Stowarzyszenie Modelarzy &quot;Warmia&quot;","isPartOf":{"@id":"https://modelarzeolsztyn.pl/#website"},"datePublished":"2022-04-13T12:00:05+00:00","dateModified":"2022-04-13T12:00:46+00:00","breadcrumb":{"@id":"https://modelarzeolsztyn.pl/wp-content/uploads/2022/04/EVERGREEN-stowarzyszenie-modelarzy-warmia.mp3#breadcrumb"},"inLanguage":"pl-PL","potentialAction":[{"@type":"ReadAction","target":["https://modelarzeolsztyn.pl/wp-content/uploads/2022/04/EVERGREEN-stowarzyszenie-modelarzy-warmia.mp3"]}]},{"@type":"BreadcrumbList","@id":"https://modelarzeolsztyn.pl/wp-content/uploads/2022/04/EVERGREEN-stowarzyszenie-modelarzy-warmia.mp3#breadcrumb","itemListElement":[{"@type":"ListItem","position":1,"name":"Strona główna","item":"https://modelarzeolsztyn.pl/"},{"@type":"ListItem","position":2,"name":"Wywiad w MeloRadio","item":"https://modelarzeolsztyn.pl/index.php/2022/04/19/wywiad-w-meloradio/"},{"@type":"ListItem","position":3,"name":"Wywiad z Melo Radio"}]},{"@type":"WebSite","@id":"https://modelarzeolsztyn.pl/#website","url":"https://modelarzeolsztyn.pl/","name":"Olsztyńskie Stowarzyszenie Modelarzy &quot;Warmia&quot;","description":"Witryna stowarzyszenia zapaleńców modelarskich z Olsztyna i okolic","publisher":{"@id":"https://modelarzeolsztyn.pl/#organization"},"potentialAction":[{"@type":"SearchAction","target":{"@type":"EntryPoint","urlTemplate":"https://modelarzeolsztyn.pl/?s={search_term_string}"},"query-input":{"@type":"PropertyValueSpecification","valueRequired":true,"valueName":"search_term_string"}}],"inLanguage":"pl-PL"},{"@type":"Organization","@id":"https://modelarzeolsztyn.pl/#organization","name":"Olsztyńskie Stowarzyszenie Modelarzy \"Warmia\"","url":"https://modelarzeolsztyn.pl/","logo":{"@type":"ImageObject","inLanguage":"pl-PL","@id":"https://modelarzeolsztyn.pl/#/schema/logo/image/","url":"https://modelarzeolsztyn.pl/wp-content/uploads/2017/08/cropped-logoprzez.png","contentUrl":"https://modelarzeolsztyn.pl/wp-content/uploads/2017/08/cropped-logoprzez.png","width":512,"height":512,"caption":"Olsztyńskie Stowarzyszenie Modelarzy \"Warmia\""},"image":{"@id":"https://modelarzeolsztyn.pl/#/schema/logo/image/"},"sameAs":["https://www.facebook.com/Olsztyńskie-Stowarzyszenie-Modelarzy-Warmia-1049089618478093/"]}]}</script>
<!-- / Yoast SEO plugin. -->

Wywiad z Melo Radio - Olsztyńskie Stowarzyszenie Modelarzy &quot;Warmia&quot;

Olsztyńskie Stowarzyszenie Modelarzy &quot;Warmia&quot;

Strona główna

Witryna stowarzyszenia zapaleńców modelarskich z Olsztyna i okolic

Olsztyńskie Stowarzyszenie Modelarzy "Warmia"

https://www.facebook.com/Olsztyńskie-Stowarzyszenie-Modelarzy-Warmia-1049089618478093/
