{"id":16,"date":"2017-05-31T10:05:06","date_gmt":"2017-05-31T08:05:06","guid":{"rendered":"https:\/\/xychu.sytes.net\/wordpress\/?page_id=16"},"modified":"2019-05-13T15:21:47","modified_gmt":"2019-05-13T13:21:47","slug":"strona-glowna","status":"publish","type":"page","link":"https:\/\/modelarzeolsztyn.pl\/","title":{"rendered":"Strona g\u0142\u00f3wna"},"content":{"rendered":"<p>Witamy na stronie Olszty\u0144skiego Stowarzyszenia Modelarzy &#8222;Warmia&#8221;!<\/p>\n<p>Nasze stowarzyszenie zosta\u0142o za\u0142o\u017cone w grudniu 2016 roku przez nast\u0119puj\u0105cych modelarzy:<\/p>\n<p>Andrzej Lis Kujawski &#8211; prezes<\/p>\n<p>Piotr Targo\u0144ski &#8211; wiceprezes<\/p>\n<p>Andrzej Buder &#8211; skarbnik<\/p>\n<p>Leszek Chabrowski<\/p>\n<p>Krzysztof Magrel<\/p>\n<p>\u0141ukasz Rudzki<\/p>\n<p>Kamil Waszczy\u0144ski<\/p>\n<p>W 2017 roku do\u0142\u0105czy\u0142 do nas \u0141ukasz Hliva<\/p>\n<p>W roku 2109 zasili\u0142 nasze grono Jakub Markiewicz<\/p>\n","protected":false},"excerpt":{"rendered":"<p>Witamy na stronie Olszty\u0144skiego Stowarzyszenia Modelarzy &#8222;Warmia&#8221;! Nasze stowarzyszenie zosta\u0142o za\u0142o\u017cone w grudniu 2016 roku przez nast\u0119puj\u0105cych modelarzy: Andrzej Lis Kujawski &#8211; prezes Piotr Targo\u0144ski &#8211; wiceprezes Andrzej Buder &#8211; skarbnik Leszek Chabrowski Krzysztof Magrel \u0141ukasz Rudzki Kamil Waszczy\u0144ski W 2017 roku do\u0142\u0105czy\u0142 do nas \u0141ukasz Hliva W roku 2109 zasili\u0142 nasze grono Jakub Markiewicz<\/p>\n","protected":false},"author":1,"featured_media":84,"parent":0,"menu_order":0,"comment_status":"closed","ping_status":"closed","template":"","meta":{"footnotes":""},"yoast_head":"<!-- This site is optimized with the Yoast SEO plugin v24.5 - https:\/\/yoast.com\/wordpress\/plugins\/seo\/ -->\n<title>Strona g\u0142\u00f3wna - Olszty\u0144skie Stowarzyszenie Modelarzy &quot;Warmia&quot;<\/title>\n<meta name=\"robots\" content=\"index, follow, max-snippet:-1, max-image-preview:large, max-video-preview:-1\" \/>\n<link rel=\"canonical\" href=\"https:\/\/modelarzeolsztyn.pl\/\" \/>\n<meta property=\"og:locale\" content=\"pl_PL\" \/>\n<meta property=\"og:type\" content=\"article\" \/>\n<meta property=\"og:title\" content=\"Strona g\u0142\u00f3wna - Olszty\u0144skie Stowarzyszenie Modelarzy &quot;Warmia&quot;\" \/>\n<meta property=\"og:description\" content=\"Witamy na stronie Olszty\u0144skiego Stowarzyszenia Modelarzy &#8222;Warmia&#8221;! Nasze stowarzyszenie zosta\u0142o za\u0142o\u017cone w grudniu 2016 roku przez nast\u0119puj\u0105cych modelarzy: Andrzej Lis Kujawski &#8211; prezes Piotr Targo\u0144ski &#8211; wiceprezes Andrzej Buder &#8211; skarbnik Leszek Chabrowski Krzysztof Magrel \u0141ukasz Rudzki Kamil Waszczy\u0144ski W 2017 roku do\u0142\u0105czy\u0142 do nas \u0141ukasz Hliva W roku 2109 zasili\u0142 nasze grono Jakub Markiewicz\" \/>\n<meta property=\"og:url\" content=\"https:\/\/modelarzeolsztyn.pl\/\" \/>\n<meta property=\"og:site_name\" content=\"Olszty\u0144skie Stowarzyszenie Modelarzy &quot;Warmia&quot;\" \/>\n<meta property=\"article:publisher\" content=\"https:\/\/www.facebook.com\/Olszty%c5%84skie-Stowarzyszenie-Modelarzy-Warmia-1049089618478093\/\" \/>\n<meta property=\"article:modified_time\" content=\"2019-05-13T13:21:47+00:00\" \/>\n<meta property=\"og:image\" content=\"https:\/\/modelarzeolsztyn.pl\/wp-content\/uploads\/2017\/05\/pt1.png\" \/>\n\t<meta property=\"og:image:width\" content=\"1450\" \/>\n\t<meta property=\"og:image:height\" content=\"963\" \/>\n\t<meta property=\"og:image:type\" content=\"image\/png\" \/>\n<meta name=\"twitter:card\" content=\"summary_large_image\" \/>\n<script type=\"application\/ld+json\" class=\"yoast-schema-graph\">{\"@context\":\"https:\/\/schema.org\",\"@graph\":[{\"@type\":\"WebPage\",\"@id\":\"https:\/\/modelarzeolsztyn.pl\/\",\"url\":\"https:\/\/modelarzeolsztyn.pl\/\",\"name\":\"Strona g\u0142\u00f3wna - Olszty\u0144skie Stowarzyszenie Modelarzy &quot;Warmia&quot;\",\"isPartOf\":{\"@id\":\"https:\/\/modelarzeolsztyn.pl\/#website\"},\"primaryImageOfPage\":{\"@id\":\"https:\/\/modelarzeolsztyn.pl\/#primaryimage\"},\"image\":{\"@id\":\"https:\/\/modelarzeolsztyn.pl\/#primaryimage\"},\"thumbnailUrl\":\"https:\/\/modelarzeolsztyn.pl\/wp-content\/uploads\/2017\/05\/pt1.png\",\"datePublished\":\"2017-05-31T08:05:06+00:00\",\"dateModified\":\"2019-05-13T13:21:47+00:00\",\"breadcrumb\":{\"@id\":\"https:\/\/modelarzeolsztyn.pl\/#breadcrumb\"},\"inLanguage\":\"pl-PL\",\"potentialAction\":[{\"@type\":\"ReadAction\",\"target\":[\"https:\/\/modelarzeolsztyn.pl\/\"]}]},{\"@type\":\"ImageObject\",\"inLanguage\":\"pl-PL\",\"@id\":\"https:\/\/modelarzeolsztyn.pl\/#primaryimage\",\"url\":\"https:\/\/modelarzeolsztyn.pl\/wp-content\/uploads\/2017\/05\/pt1.png\",\"contentUrl\":\"https:\/\/modelarzeolsztyn.pl\/wp-content\/uploads\/2017\/05\/pt1.png\",\"width\":1450,\"height\":963},{\"@type\":\"BreadcrumbList\",\"@id\":\"https:\/\/modelarzeolsztyn.pl\/#breadcrumb\",\"itemListElement\":[{\"@type\":\"ListItem\",\"position\":1,\"name\":\"Strona g\u0142\u00f3wna\",\"item\":\"https:\/\/modelarzeolsztyn.pl\/\"},{\"@type\":\"ListItem\",\"position\":2,\"name\":\"Strona g\u0142\u00f3wna\"}]},{\"@type\":\"WebSite\",\"@id\":\"https:\/\/modelarzeolsztyn.pl\/#website\",\"url\":\"https:\/\/modelarzeolsztyn.pl\/\",\"name\":\"Olszty\u0144skie Stowarzyszenie Modelarzy &quot;Warmia&quot;\",\"description\":\"Witryna stowarzyszenia zapale\u0144c\u00f3w modelarskich z Olsztyna i okolic\",\"publisher\":{\"@id\":\"https:\/\/modelarzeolsztyn.pl\/#organization\"},\"potentialAction\":[{\"@type\":\"SearchAction\",\"target\":{\"@type\":\"EntryPoint\",\"urlTemplate\":\"https:\/\/modelarzeolsztyn.pl\/?s={search_term_string}\"},\"query-input\":{\"@type\":\"PropertyValueSpecification\",\"valueRequired\":true,\"valueName\":\"search_term_string\"}}],\"inLanguage\":\"pl-PL\"},{\"@type\":\"Organization\",\"@id\":\"https:\/\/modelarzeolsztyn.pl\/#organization\",\"name\":\"Olszty\u0144skie Stowarzyszenie Modelarzy \\\"Warmia\\\"\",\"url\":\"https:\/\/modelarzeolsztyn.pl\/\",\"logo\":{\"@type\":\"ImageObject\",\"inLanguage\":\"pl-PL\",\"@id\":\"https:\/\/modelarzeolsztyn.pl\/#\/schema\/logo\/image\/\",\"url\":\"https:\/\/modelarzeolsztyn.pl\/wp-content\/uploads\/2017\/08\/cropped-logoprzez.png\",\"contentUrl\":\"https:\/\/modelarzeolsztyn.pl\/wp-content\/uploads\/2017\/08\/cropped-logoprzez.png\",\"width\":512,\"height\":512,\"caption\":\"Olszty\u0144skie Stowarzyszenie Modelarzy \\\"Warmia\\\"\"},\"image\":{\"@id\":\"https:\/\/modelarzeolsztyn.pl\/#\/schema\/logo\/image\/\"},\"sameAs\":[\"https:\/\/www.facebook.com\/Olszty\u0144skie-Stowarzyszenie-Modelarzy-Warmia-1049089618478093\/\"]}]}<\/script>\n<!-- \/ Yoast SEO plugin. -->","yoast_head_json":{"title":"Strona g\u0142\u00f3wna - Olszty\u0144skie Stowarzyszenie Modelarzy &quot;Warmia&quot;","robots":{"index":"index","follow":"follow","max-snippet":"max-snippet:-1","max-image-preview":"max-image-preview:large","max-video-preview":"max-video-preview:-1"},"canonical":"https:\/\/modelarzeolsztyn.pl\/","og_locale":"pl_PL","og_type":"article","og_title":"Strona g\u0142\u00f3wna - Olszty\u0144skie Stowarzyszenie Modelarzy &quot;Warmia&quot;","og_description":"Witamy na stronie Olszty\u0144skiego Stowarzyszenia Modelarzy &#8222;Warmia&#8221;! Nasze stowarzyszenie zosta\u0142o za\u0142o\u017cone w grudniu 2016 roku przez nast\u0119puj\u0105cych modelarzy: Andrzej Lis Kujawski &#8211; prezes Piotr Targo\u0144ski &#8211; wiceprezes Andrzej Buder &#8211; skarbnik Leszek Chabrowski Krzysztof Magrel \u0141ukasz Rudzki Kamil Waszczy\u0144ski W 2017 roku do\u0142\u0105czy\u0142 do nas \u0141ukasz Hliva W roku 2109 zasili\u0142 nasze grono Jakub Markiewicz","og_url":"https:\/\/modelarzeolsztyn.pl\/","og_site_name":"Olszty\u0144skie Stowarzyszenie Modelarzy &quot;Warmia&quot;","article_publisher":"https:\/\/www.facebook.com\/Olszty%c5%84skie-Stowarzyszenie-Modelarzy-Warmia-1049089618478093\/","article_modified_time":"2019-05-13T13:21:47+00:00","og_image":[{"width":1450,"height":963,"url":"https:\/\/modelarzeolsztyn.pl\/wp-content\/uploads\/2017\/05\/pt1.png","type":"image\/png"}],"twitter_card":"summary_large_image","schema":{"@context":"https:\/\/schema.org","@graph":[{"@type":"WebPage","@id":"https:\/\/modelarzeolsztyn.pl\/","url":"https:\/\/modelarzeolsztyn.pl\/","name":"Strona g\u0142\u00f3wna - Olszty\u0144skie Stowarzyszenie Modelarzy &quot;Warmia&quot;","isPartOf":{"@id":"https:\/\/modelarzeolsztyn.pl\/#website"},"primaryImageOfPage":{"@id":"https:\/\/modelarzeolsztyn.pl\/#primaryimage"},"image":{"@id":"https:\/\/modelarzeolsztyn.pl\/#primaryimage"},"thumbnailUrl":"https:\/\/modelarzeolsztyn.pl\/wp-content\/uploads\/2017\/05\/pt1.png","datePublished":"2017-05-31T08:05:06+00:00","dateModified":"2019-05-13T13:21:47+00:00","breadcrumb":{"@id":"https:\/\/modelarzeolsztyn.pl\/#breadcrumb"},"inLanguage":"pl-PL","potentialAction":[{"@type":"ReadAction","target":["https:\/\/modelarzeolsztyn.pl\/"]}]},{"@type":"ImageObject","inLanguage":"pl-PL","@id":"https:\/\/modelarzeolsztyn.pl\/#primaryimage","url":"https:\/\/modelarzeolsztyn.pl\/wp-content\/uploads\/2017\/05\/pt1.png","contentUrl":"https:\/\/modelarzeolsztyn.pl\/wp-content\/uploads\/2017\/05\/pt1.png","width":1450,"height":963},{"@type":"BreadcrumbList","@id":"https:\/\/modelarzeolsztyn.pl\/#breadcrumb","itemListElement":[{"@type":"ListItem","position":1,"name":"Strona g\u0142\u00f3wna","item":"https:\/\/modelarzeolsztyn.pl\/"},{"@type":"ListItem","position":2,"name":"Strona g\u0142\u00f3wna"}]},{"@type":"WebSite","@id":"https:\/\/modelarzeolsztyn.pl\/#website","url":"https:\/\/modelarzeolsztyn.pl\/","name":"Olszty\u0144skie Stowarzyszenie Modelarzy &quot;Warmia&quot;","description":"Witryna stowarzyszenia zapale\u0144c\u00f3w modelarskich z Olsztyna i okolic","publisher":{"@id":"https:\/\/modelarzeolsztyn.pl\/#organization"},"potentialAction":[{"@type":"SearchAction","target":{"@type":"EntryPoint","urlTemplate":"https:\/\/modelarzeolsztyn.pl\/?s={search_term_string}"},"query-input":{"@type":"PropertyValueSpecification","valueRequired":true,"valueName":"search_term_string"}}],"inLanguage":"pl-PL"},{"@type":"Organization","@id":"https:\/\/modelarzeolsztyn.pl\/#organization","name":"Olszty\u0144skie Stowarzyszenie Modelarzy \"Warmia\"","url":"https:\/\/modelarzeolsztyn.pl\/","logo":{"@type":"ImageObject","inLanguage":"pl-PL","@id":"https:\/\/modelarzeolsztyn.pl\/#\/schema\/logo\/image\/","url":"https:\/\/modelarzeolsztyn.pl\/wp-content\/uploads\/2017\/08\/cropped-logoprzez.png","contentUrl":"https:\/\/modelarzeolsztyn.pl\/wp-content\/uploads\/2017\/08\/cropped-logoprzez.png","width":512,"height":512,"caption":"Olszty\u0144skie Stowarzyszenie Modelarzy \"Warmia\""},"image":{"@id":"https:\/\/modelarzeolsztyn.pl\/#\/schema\/logo\/image\/"},"sameAs":["https:\/\/www.facebook.com\/Olszty\u0144skie-Stowarzyszenie-Modelarzy-Warmia-1049089618478093\/"]}]}},"_links":{"self":[{"href":"https:\/\/modelarzeolsztyn.pl\/index.php\/wp-json\/wp\/v2\/pages\/16"}],"collection":[{"href":"https:\/\/modelarzeolsztyn.pl\/index.php\/wp-json\/wp\/v2\/pages"}],"about":[{"href":"https:\/\/modelarzeolsztyn.pl\/index.php\/wp-json\/wp\/v2\/types\/page"}],"author":[{"embeddable":true,"href":"https:\/\/modelarzeolsztyn.pl\/index.php\/wp-json\/wp\/v2\/users\/1"}],"replies":[{"embeddable":true,"href":"https:\/\/modelarzeolsztyn.pl\/index.php\/wp-json\/wp\/v2\/comments?post=16"}],"version-history":[{"count":3,"href":"https:\/\/modelarzeolsztyn.pl\/index.php\/wp-json\/wp\/v2\/pages\/16\/revisions"}],"predecessor-version":[{"id":1263,"href":"https:\/\/modelarzeolsztyn.pl\/index.php\/wp-json\/wp\/v2\/pages\/16\/revisions\/1263"}],"wp:featuredmedia":[{"embeddable":true,"href":"https:\/\/modelarzeolsztyn.pl\/index.php\/wp-json\/wp\/v2\/media\/84"}],"wp:attachment":[{"href":"https:\/\/modelarzeolsztyn.pl\/index.php\/wp-json\/wp\/v2\/media?parent=16"}],"curies":[{"name":"wp","href":"https:\/\/api.w.org\/{rel}","templated":true}]}}

Strona główna

<p>Witamy na stronie Olsztyńskiego Stowarzyszenia Modelarzy &#8222;Warmia&#8221;!</p>
<p>Nasze stowarzyszenie zostało założone w grudniu 2016 roku przez następujących modelarzy:</p>
<p>Andrzej Lis Kujawski &#8211; prezes</p>
<p>Piotr Targoński &#8211; wiceprezes</p>
<p>Andrzej Buder &#8211; skarbnik</p>
<p>Leszek Chabrowski</p>
<p>Krzysztof Magrel</p>
<p>Łukasz Rudzki</p>
<p>Kamil Waszczyński</p>
<p>W 2017 roku dołączył do nas Łukasz Hliva</p>
<p>W roku 2109 zasilił nasze grono Jakub Markiewicz</p>

<p>Witamy na stronie Olsztyńskiego Stowarzyszenia Modelarzy &#8222;Warmia&#8221;! Nasze stowarzyszenie zostało założone w grudniu 2016 roku przez następujących modelarzy: Andrzej Lis Kujawski &#8211; prezes Piotr Targoński &#8211; wiceprezes Andrzej Buder &#8211; skarbnik Leszek Chabrowski Krzysztof Magrel Łukasz Rudzki Kamil Waszczyński W 2017 roku dołączył do nas Łukasz Hliva W roku 2109 zasilił nasze grono Jakub Markiewicz</p>

<!-- This site is optimized with the Yoast SEO plugin v24.5 - https://yoast.com/wordpress/plugins/seo/ -->
<title>Strona główna - Olsztyńskie Stowarzyszenie Modelarzy &quot;Warmia&quot;</title>
<meta name="robots" content="index, follow, max-snippet:-1, max-image-preview:large, max-video-preview:-1" />
<link rel="canonical" href="https://modelarzeolsztyn.pl/" />
<meta property="og:locale" content="pl_PL" />
<meta property="og:type" content="article" />
<meta property="og:title" content="Strona główna - Olsztyńskie Stowarzyszenie Modelarzy &quot;Warmia&quot;" />
<meta property="og:description" content="Witamy na stronie Olsztyńskiego Stowarzyszenia Modelarzy &#8222;Warmia&#8221;! Nasze stowarzyszenie zostało założone w grudniu 2016 roku przez następujących modelarzy: Andrzej Lis Kujawski &#8211; prezes Piotr Targoński &#8211; wiceprezes Andrzej Buder &#8211; skarbnik Leszek Chabrowski Krzysztof Magrel Łukasz Rudzki Kamil Waszczyński W 2017 roku dołączył do nas Łukasz Hliva W roku 2109 zasilił nasze grono Jakub Markiewicz" />
<meta property="og:url" content="https://modelarzeolsztyn.pl/" />
<meta property="og:site_name" content="Olsztyńskie Stowarzyszenie Modelarzy &quot;Warmia&quot;" />
<meta property="article:publisher" content="https://www.facebook.com/Olszty%c5%84skie-Stowarzyszenie-Modelarzy-Warmia-1049089618478093/" />
<meta property="article:modified_time" content="2019-05-13T13:21:47+00:00" />
<meta property="og:image" content="https://modelarzeolsztyn.pl/wp-content/uploads/2017/05/pt1.png" />
	<meta property="og:image:width" content="1450" />
	<meta property="og:image:height" content="963" />
	<meta property="og:image:type" content="image/png" />
<meta name="twitter:card" content="summary_large_image" />
<script type="application/ld+json" class="yoast-schema-graph">{"@context":"https://schema.org","@graph":[{"@type":"WebPage","@id":"https://modelarzeolsztyn.pl/","url":"https://modelarzeolsztyn.pl/","name":"Strona główna - Olsztyńskie Stowarzyszenie Modelarzy &quot;Warmia&quot;","isPartOf":{"@id":"https://modelarzeolsztyn.pl/#website"},"primaryImageOfPage":{"@id":"https://modelarzeolsztyn.pl/#primaryimage"},"image":{"@id":"https://modelarzeolsztyn.pl/#primaryimage"},"thumbnailUrl":"https://modelarzeolsztyn.pl/wp-content/uploads/2017/05/pt1.png","datePublished":"2017-05-31T08:05:06+00:00","dateModified":"2019-05-13T13:21:47+00:00","breadcrumb":{"@id":"https://modelarzeolsztyn.pl/#breadcrumb"},"inLanguage":"pl-PL","potentialAction":[{"@type":"ReadAction","target":["https://modelarzeolsztyn.pl/"]}]},{"@type":"ImageObject","inLanguage":"pl-PL","@id":"https://modelarzeolsztyn.pl/#primaryimage","url":"https://modelarzeolsztyn.pl/wp-content/uploads/2017/05/pt1.png","contentUrl":"https://modelarzeolsztyn.pl/wp-content/uploads/2017/05/pt1.png","width":1450,"height":963},{"@type":"BreadcrumbList","@id":"https://modelarzeolsztyn.pl/#breadcrumb","itemListElement":[{"@type":"ListItem","position":1,"name":"Strona główna","item":"https://modelarzeolsztyn.pl/"},{"@type":"ListItem","position":2,"name":"Strona główna"}]},{"@type":"WebSite","@id":"https://modelarzeolsztyn.pl/#website","url":"https://modelarzeolsztyn.pl/","name":"Olsztyńskie Stowarzyszenie Modelarzy &quot;Warmia&quot;","description":"Witryna stowarzyszenia zapaleńców modelarskich z Olsztyna i okolic","publisher":{"@id":"https://modelarzeolsztyn.pl/#organization"},"potentialAction":[{"@type":"SearchAction","target":{"@type":"EntryPoint","urlTemplate":"https://modelarzeolsztyn.pl/?s={search_term_string}"},"query-input":{"@type":"PropertyValueSpecification","valueRequired":true,"valueName":"search_term_string"}}],"inLanguage":"pl-PL"},{"@type":"Organization","@id":"https://modelarzeolsztyn.pl/#organization","name":"Olsztyńskie Stowarzyszenie Modelarzy \"Warmia\"","url":"https://modelarzeolsztyn.pl/","logo":{"@type":"ImageObject","inLanguage":"pl-PL","@id":"https://modelarzeolsztyn.pl/#/schema/logo/image/","url":"https://modelarzeolsztyn.pl/wp-content/uploads/2017/08/cropped-logoprzez.png","contentUrl":"https://modelarzeolsztyn.pl/wp-content/uploads/2017/08/cropped-logoprzez.png","width":512,"height":512,"caption":"Olsztyńskie Stowarzyszenie Modelarzy \"Warmia\""},"image":{"@id":"https://modelarzeolsztyn.pl/#/schema/logo/image/"},"sameAs":["https://www.facebook.com/Olsztyńskie-Stowarzyszenie-Modelarzy-Warmia-1049089618478093/"]}]}</script>
<!-- / Yoast SEO plugin. -->

Strona główna - Olsztyńskie Stowarzyszenie Modelarzy &quot;Warmia&quot;

Witamy na stronie Olsztyńskiego Stowarzyszenia Modelarzy &#8222;Warmia&#8221;! Nasze stowarzyszenie zostało założone w grudniu 2016 roku przez następujących modelarzy: Andrzej Lis Kujawski &#8211; prezes Piotr Targoński &#8211; wiceprezes Andrzej Buder &#8211; skarbnik Leszek Chabrowski Krzysztof Magrel Łukasz Rudzki Kamil Waszczyński W 2017 roku dołączył do nas Łukasz Hliva W roku 2109 zasilił nasze grono Jakub Markiewicz

Olsztyńskie Stowarzyszenie Modelarzy &quot;Warmia&quot;

Witryna stowarzyszenia zapaleńców modelarskich z Olsztyna i okolic

Olsztyńskie Stowarzyszenie Modelarzy "Warmia"

https://www.facebook.com/Olsztyńskie-Stowarzyszenie-Modelarzy-Warmia-1049089618478093/
